*2 + 19*t + 1. Determine a(-13).
-77
Let g(o) = -2*o**2 - 2*o - 22. Calculate g(0).
-22
Let l(z) = z**3 - 11*z**2 + 19*z - 29. Determine l(10).
61
Let r(k) = -k - 1. What is r(11)?
-12
Let z(j) = j + 7. What is z(-6)?
1
Let h(l) = -l**3 + 12*l**2 - 34*l + 24. Calculate h(9).
-39
Let i(b) = b**2 + 2*b + 1. Determine i(-2).
1
Let s(q) = q**3 - 15*q**2 + q - 16. What is s(15)?
-1
Let v(h) = -2*h - 25. Calculate v(-11).
-3
Let i(c) = -c**3 - 2*c**2 - 3*c - 5. What is i(-2)?
1
Let k(t) = 35*t**2 - 1. Calculate k(1).
34
Let j(f) = -f**2 - 7*f - 3. Determine j(-5).
7
Let t(w) = -2*w**3 + 8*w - 13. Determine t(-5).
197
Let k(n) = 3*n + 30. What is k(-7)?
9
Let o(u) = -u - 3. Calculate o(13).
-16
Let o(j) = -j**2 - 8*j - 5. Determine o(-8).
-5
Let m(w) = -w**3 + 5*w**2 + 5*w + 7. Determine m(6).
1
Let w(p) = 9*p + 4. Determine w(0).
4
Let l(j) = j**3 + 13*j**2 - 18*j - 51. Give l(-14).
5
Let w(v) = -15*v - 1. Give w(1).
-16
Let i(q) = 2*q**2 - 10*q + 12. Calculate i(4).
4
Let l(z) = -2*z**3 + 6*z**2 - 4*z - 1. What is l(1)?
-1
Let a(t) = -t**3 + 20*t**2 - 31*t - 20. Determine a(18).
70
Let g(a) = -a**2 + 8*a + 21. What is g(11)?
-12
Let n(f) = f**2 - 31*f + 215. Calculate n(21).
5
Let n(y) = 4*y**2 + 98*y + 50. Determine n(-24).
2
Let x(f) = -f**2 - 2*f + 13. What is x(-4)?
5
Let r(y) = y**2 + 6*y + 8. What is r(-2)?
0
Let v(c) = -2*c - 29. Give v(-14).
-1
Let a(f) = -f + 19. Calculate a(22).
-3
Let z(r) = 15*r - 25. Determine z(1).
-10
Let m(x) = -x**2 - 6*x + 9. Give m(-8).
-7
Let c(j) = -31*j - 212. Calculate c(-7).
5
Let h(m) = -3*m + 46. Give h(3).
37
Let p(m) = 14*m + 1. Calculate p(-4).
-55
Let r(v) = -2*v**2 - 46*v - 6. Determine r(-23).
-6
Let l(q) = 6*q - 27. Give l(9).
27
Let a(h) = -h**3 - 11*h**2 + 6*h - 5. Give a(-12).
67
Let f(j) = -j**3 + 3*j**2 - 2*j + 2. What is f(2)?
2
Let h(s) = -s**2 - 13*s + 55. Determine h(-17).
-13
Let s(m) = -m**2 + 16*m - 10. Calculate s(11).
45
Let q(o) = -o - 33. Determine q(-17).
-16
Let i(r) = -r**2 + 6*r + 4. Determine i(8).
-12
Let m(t) = t**2 + 4*t + 12. What is m(-5)?
17
Let r(s) = 3*s**2 + 27*s + 3. Give r(-9).
3
Let b(f) = 8*f + 7. Determine b(-1).
-1
Let i(u) = 78*u**3 - u**2. What is i(1)?
77
Let s(a) = a**2 - 13*a + 14. What is s(11)?
-8
Let o(y) = -5*y**3 - 2*y - 1. Calculate o(-1).
6
Let y(b) = 11*b - 40. Give y(4).
4
Let z(t) = -t + 30. Give z(14).
16
Let l(g) = 5*g - 156. Calculate l(33).
9
Let l(x) = -x**2 - 2*x + 111. Determine l(0).
111
Let z(y) = 4*y**2 + 52*y + 134. Determine z(-3).
14
Let u(y) = -19*y + 34. Give u(2).
-4
Let c(z) = -6*z - 83. What is c(-9)?
-29
Let c(f) = -f**2 - 14*f + 2. Determine c(-10).
42
Let h(f) = f**3 + 3*f**2 - 3*f + 15. Give h(-5).
-20
Let c(l) = 3*l**3 - 4*l + 3. What is c(1)?
2
Let m(t) = -t**3 - 21*t**2 - 25*t - 97. Calculate m(-20).
3
Let z(m) = m**3 - 10*m**2 + 6*m + 3. Determine z(9).
-24
Let t(j) = j**2 - 6*j - 5. Calculate t(6).
-5
Let m(i) = i**2 + 17*i + 12. Determine m(-13).
-40
Let m(q) = -4*q**2 + 95*q + 22. Give m(24).
-2
Let d(i) = 4*i - 5. Calculate d(-5).
-25
Let u(q) = -q**2 + 6. Calculate u(6).
-30
Let k(h) = h**3 - 24*h**2 + 44*h + 31. Calculate k(22).
31
Let q(w) = -173*w + 350. Determine q(2).
4
Let q(f) = -f + 43. Give q(19).
24
Let h(i) = -i**2 - 17*i - 28. What is h(-18)?
-46
Let y(b) = 4*b - 3. What is y(1)?
1
Let z(b) = -b**3 + 9*b**2 - 35*b + 107. Calculate z(6).
5
Let w(c) = -c**2 + 3*c - 7. Determine w(5).
-17
Let c(a) = -a - 13. What is c(-11)?
-2
Let v(z) = z**2 + 15*z + 32. Give v(-3).
-4
Let b(f) = -f**2 - 17*f + 8. Determine b(-18).
-10
Let x(y) = -y - 20. What is x(14)?
-34
Let r(u) = u**3 - 11*u**2 + 7*u - 11. What is r(10)?
-41
Let n(j) = -j**3 + 7*j**2 + 7*j + 8. Determine n(8).
0
Let y(p) = p**3 + 4*p**2 - 4*p + 1. What is y(-5)?
-4
Let w(p) = -p - 19. Determine w(0).
-19
Let i(m) = 2*m**3 - 6*m**2 + 5*m - 2. Calculate i(4).
50
Let h(a) = -a**3 + 15*a**2 - 19*a + 62. Determine h(14).
-8
Let j(c) = -51*c**3 + c**2 + c - 1. Calculate j(1).
-50
Let a(j) = 10*j - 11. What is a(-2)?
-31
Let y(s) = -10*s + 239. Calculate y(25).
-11
Let k(n) = 8*n + 1. Give k(1).
9
Let w(v) = v**3 + 19*v**2 - v - 5. Calculate w(-19).
14
Let q(j) = -47*j**3 - 2*j**2 - j + 2. Determine q(1).
-48
Let o(a) = -a**2 + 14*a - 13. Calculate o(9).
32
Let j(h) = -8*h**3 - 2*h**2 + 2. Give j(1).
-8
Let w(p) = p**3 + 13*p**2 + 10*p - 7. Give w(-12).
17
Let k(t) = 33*t**3 - t**2 - 2*t - 1. What is k(-1)?
-33
Let p(d) = -d**3 + 10*d**2 - 13*d + 12. Calculate p(9).
-24
Let m(f) = 5*f + 66. What is m(-11)?
11
Let a(u) = -4*u + 34. Give a(14).
-22
Let x(u) = u**2 - 8*u + 12. What is x(7)?
5
Let v(f) = f**2 - 8*f + 5. What is v(5)?
-10
Let p(k) = 6*k - 5. What is p(2)?
7
Let n(a) = 2*a**3 - a**2 + 2*a + 8. What is n(0)?
8
Let f(v) = -10*v - 2. Calculate f(-1).
8
Let h(a) = a**2 + 49*a + 61. Give h(-47).
-33
Let l(a) = -a**3 - 5*a**2 + 6*a + 2. Give l(-6).
2
Let y(o) = 12*o**3 + 1. Calculate y(1).
13
Let n(m) = m**3 - 3*m + 3. What is n(2)?
5
Let c(z) = z**2 - 7*z - 17. Calculate c(7).
-17
Let x(w) = w**3 + w**2 - 3*w - 3. What is x(-2)?
-1
Let j(s) = -s**2 - 33*s - 67. Give j(-31).
-5
Let z(h) = -h**2 + 13*h - 45. Determine z(4).
-9
Let v(s) = 2*s**2 + 4*s + 4. Determine v(-3).
10
Let u(a) = -a**3 + 14*a**2 - 11*a - 15. Calculate u(13).
11
Let c(j) = 3*j - 16. What is c(6)?
2
Let g(v) = 104*v + 404. Determine g(-4).
-12
Let d(t) = t**3 + 3*t**2 + 2*t - 32. Give d(-5).
-92
Let w(b) = -b - 14. Determine w(-9).
-5
Let j(c) = 4*c - 105. Give j(24).
-9
Let n(g) = g**3 + 6*g**2 - 5*g + 15. What is n(-7)?
1
Let f(a) = -20*a**2 - 1. Calculate f(1).
-21
Let x(o) = -2*o**3 - 2*o**2 + 3*o + 3. Calculate x(-3).
30
Let s(o) = o**3 + 11*o**2 - 13*o - 2. Give s(-12).
10
Let h(p) = p**2 + 7*p - 7. Give h(-7).
-7
Let k(h) = -23*h + 7. Give k(2).
-39
Let u(g) = 6*g - 15. What is u(4)?
9
Let k(l) = l**2 - 30*l - 113. Calculate k(32).
-49
Let v(j) = 3*j - 2. Calculate v(8).
22
Let v(x) = -8*x + 1. Determine v(-1).
9
Let a(u) = 27*u**2 - 4*u. Calculate a(1).
23
Let h(t) = t**3 - 11*t**2 + 29*t - 1. Give h(7).
6
Let r(t) = -t - 1. Give r(-1).
0
Let u(c) = c**3 + 9*c**2 + 12*c + 28. What is u(-8)?
-4
Let o(v) = 2*v**2 - v - 13. What is o(-3)?
8
Let g(o) = -o**2 - 6*o - 15. What is g(-6)?
-15
Let l(d) = d**3 + 13*d**2 + 22*d + 25. Calculate l(-11).
25
Let n(u) = -u**3 - 56*u**2 + 114*u - 110. Calculate n(-58).
6
Let v(w) = w**3 + 13*w**2 - 14*w + 9. Determine v(-14).
9
Let v(w) = 8*w**2 - w + 2. What is v(2)?
32
Let w(k) = -11*k + 6. Give w(1).
-5
Let g(p) = 3*p + 100. Give g(-34).
-2
Let l(c) = -58*c + 414. Give l(7).
8
Let f(i) = -i**3 - 15*i**2 + 16*i + 7. Calculate f(-16).
7
Let d(f) = -3*f**2 - 58*f + 18. Calculate d(-20).
-22
Let f(l) = l - 1. What is f(-2)?
-3
Let k(s) = -s**3 + 20*s**2 - 35*s - 15. Determine k(18).
3
Let x(h) = h**3 + 9*h**2 + h + 7. Give x(-9).
-2
Let n(l) = 12*l**2 + l + 1. Calculate n(2).
51
Let f(c) = c**2 + c - 5. Give f(4).
15
Let c(a) = -a**3 - 5*a**2 - 3*a + 9. What is c(-5)?
24
Let v(j) = -j**2 + 17*j - 35. Determine v(10).
35
Let b(a) = -2*a**2 + 2*a + 4. What is b(3)?
-8
Let q(m) = 2*m**2 - m - 14. Calculate q(-3).
7
Let v(a) = -a**2 + 10*a + 7. Determine v(11).
-4
Let r(q) = 5*q**3 - 3*q**2 + 5*q - 5. Calculate r(2).
33
Let w(v) = -v**2 - 21*v + 19. Determine w(-22).
-3
Let p(m) = -m**2 + 6*m - 5. Give p(6).
-5
Let i(a) = 2*a**3 - 9*a**2 + 7*a + 1. Calculate i(2).
-5
Let a(y) = -3*y + 68. Determine a(21).
5
Let i(f) = 3*f**2 - 14*f + 8. Give i(4).
0
Let z(k) = 3*k - 12. Calculate z(6).
6
Let g(c) = 3*c**2 - 129*c - 136. What is g(44)?
-4
Let r(l) = -l**2 + 5*l - 17. Determine r(0).
-17
Let v(q) = 3*q - 1. Determine v(7).
20
Let i(f) = -f**3 + 7*f**2 - 8*f + 3. What is i(4)?
19
Let c(x) = -x**3 - 17*x**2 + 2*x + 29. Determine c(-17).
-5
Let w(n) = n**2 - 9*n - 32. What is w(12)?
4
Let n(x) = x**2 - 15*x + 32. Determine n(12).
-4
Let h(t) = -t**3 - t**2 + 4*t - 3. Give h(2).
-7
Let n(f) = -f**2 + f + 22. Determine n(-8).
-50
Let p(i) = -i**2 + 18*i - 71. Give p(10).
9
Let j(q) = 76*q**3 - q**2. Give j(1).
75
Let n(s) = -s**3 - 4*s**2 - 4*s - 5. Calculate n(-2).
-5
Let d(m) = -m**2 + 13*m - 28. What is d(7)?
14
Let u(v) = 2*v - 4. What is u(-10)?
-24
Let q(j) = j**2 - 24*j - 105. Calculate q(28).
7
Let w(r) = -17*r**2 + r + 1. Determine w(-1).
-17
